8?
15
Let a be 2/8 + 78/8. Suppose -10 = 5*d - a*d. Suppose 11 = d*v + 1. Calculate the remainder when 9 is divided by v.
4
Suppose o + o = 4*f + 88, 4*f + 142 = 3*o. Suppose 4*v = -a + 7, 0 = -5*a - 4*v + 2*v + 89. Calculate the remainder when o is divided by a.
16
Let f be 2/6 - (-50)/(-6). Let i be (1 + 76/(-16))/(3/12). Let k = f - i. Calculate the remainder when 19 is divided by k.
5
Suppose 5*o = -4*k + 20 + 10, 0 = 4*o - 5*k + 17. Suppose 5*j - r + 48 = -5*r, 3*r + 46 = -5*j. Let y = -5 - j. Calculate the remainder when y is divided by o.
1
Suppose 2*y + 5*g = -3, y - 4*g - 16 - 15 = 0. Suppose -5*q = a - 55, -5*a - 2*q + 4*q + 194 = 0. Calculate the remainder when a is divided by y.
7
Suppose -5*l + 4*u = -141, -2*l + 4*u - 10 = -64. Calculate the remainder when l is divided by (20/6)/(1/3).
9
Let f(k) = k + 1. Let w(s) = 3*s + 3. Let g(z) = f(z) - w(z). Calculate the remainder when 63 is divided by g(-9).
15
Suppose 8*a + 175 = 487. What is the remainder when a is divided by 11?
6
Suppose -4*i - 12 = -5*p, 4*i = -0*p - 2*p + 16. Suppose 9 + 15 = -p*w. Let y = w + 38. What is the remainder when y is divided by 17?
15
Let m be -2 - -2 - (-1 + 3). Let y(d) = -21*d. Let c be y(2). What is the remainder when (-4)/m + c/(-2) is divided by 6?
5
Suppose 0*k + 66 = 2*k - 4*p, 5*k - 5*p = 170. Let d(m) = -m**2 - 1 - 12*m**3 + 1 + 2*m**2 + m. Calculate the remainder when k is divided by d(-1).
11
Suppose -3*t - 155 = -4*n - 4*t, 2*n = 2*t + 90. What is the remainder when n is divided by 5/25 - (-208)/10?
19
Let m be (-4)/((-2)/(2 - 0)). Suppose 2*k = k + m. Calculate the remainder when 3*4 - (-10)/10 is divided by k.
1
Suppose 12 = 4*q - 32. Suppose 0 = -3*h - 0*u - 3*u - 189, -5*h = -2*u + 350. Let s = h - -99. Calculate the remainder when s is divided by q.
9
Suppose 2*z - 4*f = 38, -4*z - f + 31 = -0*z. Calculate the remainder when 32 is divided by z.
5
Let s = -2 + 2. Suppose s = -4*f + c + 127 - 40, -3*f + 49 = -4*c. Suppose -2*a = 2*a - 48. Calculate the remainder when f is divided by a.
11
Let z(b) = -12*b**3 + b**2 - b + 3. Calculate the remainder when z(-2) is divided by 19.
10
Let h(o) = 6*o - 1. Calculate the remainder when h(10) is divided by 12.
11
Let o = -29 - -34. What is the remainder when 26*1*2/4 is divided by o?
3
Let z = -10 + 15. Let q(t) = -5 + 1 + z*t + 5. What is the remainder when q(3) is divided by 9?
7
Let f be (-24)/(-20)*5/2. Let g = f + 1. Suppose -4*s + g = -4. Calculate the remainder when 2 is divided by s.
0
Suppose 0 = -l - x + 115, 4*x - 8*x = -4*l + 436. Calculate the remainder when l is divided by 23.
20
Let q(l) = -l**2 - 7*l + 34. Calculate the remainder when 15 is divided by q(-10).
3
Suppose f - 13 = -5*x, 2*f = -5*x + 3 + 13. Calculate the remainder when 7 is divided by f.
1
Suppose -2*v + 11 = -5*l + 75, 2*l - 19 = 3*v. Calculate the remainder when 53 is divided by l.
11
Let l(z) = z**2 + 3*z + 4. Calculate the remainder when l(-9) is divided by 15.
13
Suppose 3*k = -x + 17, 4*k - 5 = -5*x + 3. Calculate the remainder when 24 is divided by k.
3
What is the remainder when 46 is divided by (6/(-4))/(15/(-120))?
10
Let o(b) = -b**2 + 8*b. Suppose 2*m + 4 = 0, -t + 26 = 3*t - m. Calculate the remainder when o(t) is divided by 7.
5
Let b(k) = k**2 - 14*k - 22. What is the remainder when 13 is divided by b(16)?
3
Let c(j) = j**2 + 8*j - 25. Calculate the remainder when c(-12) is divided by 5.
3
Let k = 68 + -38. What is the remainder when k is divided by 16?
14
Let r be (12/16)/((-1)/(-4)). Suppose -r*z + z = 2. What is the remainder when 20 is divided by ((-110)/20)/(z/2)?
9
Suppose 4*q + 379 = 5*f, 5*f - 214 = 2*q + 173. Let o(y) = -y**3 + 5*y**2 + 4*y. What is the remainder when f is divided by o(5)?
19
Let y = 4 - 13. Let c(v) = v**2 + 7*v - 6. Calculate the remainder when 22 is divided by c(y).
10
What is the remainder when 23 is divided by (12/(-15))/(8/(-80))?
7
Suppose -270 = y - 3*y + n, 4*y = -4*n + 540. Calculate the remainder when y is divided by 34.
33
Let w = 31 - 23. Calculate the remainder when 14 is divided by w.
6
Let v = 5 + -7. Let a(r) = -r**3 + 2*r + 1. What is the remainder when a(-2) is divided by 10/v*(-6)/10?
2
Let p(z) = -z**3 + 12*z**2 - 3*z + 14. Let j be p(10). What is the remainder when (-29)/(-1) + -2 + 2 is divided by j/12 - 2/6?
14
Let r(a) = -7 + 9 + 0 + 8 - 3*a. Calculate the remainder when r(-8) is divided by 18.
16
Calculate the remainder when (1 + (-779)/2)*(-2)/3 is divided by 52.
51
Let y be (-1)/((-28)/26 + 1). Suppose y*f - 12*f = 8. What is the remainder when 22 is divided by f?
6
Let b be 279/2 + (-15)/(-30). Suppose -2*h - b = -7*h. What is the remainder when h is divided by (-1 + -9)*1/(-1)?
8
Let r = 53 - 38. Let x = 20 - 18. What is the remainder when r is divided by 3/((-5)/x - -3)?
3
Let c = -7 - -13. Suppose x - 46 = -4*u + c*x, -4*x + 22 = u. Calculate the remainder when (29 + -2)*1/1 is divided by u.
13
Suppose d - 35 = -5*h, 0*d + 4*d - 4 = -3*h. What is the remainder when 2/9 + (-133)/(-9) is divided by h?
7
Let o = 5 + -1. Let h(u) = -u**3 + 6*u**2 - 4*u - 1. What is the remainder when 29 is divided by h(o)?
14
Suppose -221 = -6*k - 47. Suppose -9 + 229 = 4*d. What is the remainder when d is divided by k?
26
Suppose 3*a = -12, -t + a + 2*a = -83. Calculate the remainder when t is divided by 18.
17
Suppose -3*i - 5*h = -53, -5*i = -2*h - 2*h - 113. Calculate the remainder when 81 is divided by i.
18
Let i = -5 - -20. Suppose 6*r - 27 - i = 0. Let t(y) = y + 19. Calculate the remainder when t(0) is divided by r.
5
Suppose -5*x = -k - 25, x + 4*k - 44 = -3*x. Suppose -4*y = 5*s - 27, -y + 4*y = -3*s + 18. What is the remainder when x is divided by s?
0
Let w(o) = 3*o + 1. What is the remainder when w(11) is divided by 7?
6
Let n(v) = 8*v - 3. Let w(i) = i + 1. Let j(f) = n(f) - w(f). What is the remainder when j(3) is divided by 0 + 2 + (0 - -4)?
5
Let p = 56 + -49. What is the remainder when 11 is divided by p?
4
Let k(c) = -10*c - 8. Suppose 5*l + 5*a = 4*l - 27, -a = 4. Let z = 9 - -12. Calculate the remainder when k(l) is divided by z.
20
Let o(t) = -t + 50. Let n be o(0). Suppose 4*g + s - 4*s - n = 0, -34 = -3*g + 4*s. Suppose 2*h + 6 = g. Calculate the remainder when h is divided by 2.
0
Let c(u) = 8*u - 5 - 4 + 3 - 2. What is the remainder when c(6) is divided by 14?
12
Suppose -3*h - b - 7 = 3*b, 2*h = -5*b - 14. Suppose 1 = h*n - 38. Suppose 26*q - 102 = 24*q. Calculate the remainder when q is divided by n.
12
Let h = 5 + -4. Suppose w = 2*l - h - 0, -6 = w + 3*l. Let a = w + 13. Calculate the remainder when a is divided by 6.
4
Suppose -29 = -j - 5*g, 2*g = -2*j - 2*g + 28. Suppose -79 = -4*y + b, 0*y = -2*y + 2*b + 32. Calculate the remainder when 4/j*59 - -3 is divided by y.
20
Let z(m) = m**3 - 4*m**2 + 3*m + 1. Suppose -5*t = -0*t - 25. What is the remainder when z(t) is divided by 14?
13
Let k(u) = -u**3 - 5*u**2 - 6*u - 3. Let y be k(-4). Suppose -t + 4 = -y. Calculate the remainder when 10 is divided by 9/((-5)/((-30)/t)).
4
Suppose 0 = -2*c + 144 + 44. What is the remainder when c is divided by 24?
22
Suppose c - 6 - 34 = 0. What is the remainder when c is divided by 14?
12
Let q = -36 - -40. Calculate the remainder when 1 + (-3)/((-6)/26) is divided by q.
2
Let j(w) = -52*w**3 - 3*w**2 - 6*w - 4. Calculate the remainder when j(-1) is divided by 21.
9
Let t(m) = -4*m - 6. What is the remainder when 35 is divided by t(-5)?
7
Suppose 2*a - 8 = 22. What is the remainder when 73 is divided by a?
13
Suppose -7*o = -11*o + 500. Calculate the remainder when o is divided by 16.
13
Suppose -3*j - 63 = 5*h - 8, -h + j - 3 = 0. Let x(v) = -2*v + 7. Calculate the remainder when (h/5)/(4/(-140)) is divided by x(-6).
18
Let f(v) = -v**2 + 2*v + 13. What is the remainder when 14 is divided by f(4)?
4
Suppose -3*v + 24 = 4*t - 9, 3*v - 42 = -5*t. Let j(d) = -d**2 + 7*d + 14. Calculate the remainder when t is divided by j(8).
3
Let y be 1/(-3 + 163/54). Suppose 0 = -t + 3*t - 5*j - 10, 5*t + 2*j - y = 0. Calculate the remainder when t is divided by 6.
4
Let h be 54/7 + (-12)/(-42). Let a = 9 - h. Let g = a + 1. Calculate the remainder when 5 is divided by g.
1
Let x(z) = -z**3 - 3*z**2. Let i be x(-3). Let p be -1 + 2 - (-4 - -4). Calculate the rem